{"id":472,"date":"2026-02-12T11:38:43","date_gmt":"2026-02-12T11:38:43","guid":{"rendered":"http:\/\/ethnokartoonrecords.com\/?page_id=472"},"modified":"2026-02-18T18:03:12","modified_gmt":"2026-02-18T18:03:12","slug":"expedition-quebec","status":"publish","type":"page","link":"https:\/\/ethnokartoonrecords.com\/index.php\/expedition-quebec\/","title":{"rendered":"Exp\u00e9dition Qu\u00e9bec"},"content":{"rendered":"\n<div class=\"wp-block-group has-border-color has-background has-global-padding is-layout-constrained wp-block-group-is-layout-constrained\" style=\"border-color:#ffc801;border-width:1px;border-top-left-radius:39px;border-top-right-radius:39px;border-bottom-left-radius:39px;border-bottom-right-radius:39px;background-color:#591933\">\n<p class=\"has-text-align-center is-style-default has-xx-large-font-size\"><strong>Exp\u00e9dition pour une Symphonie de la Diversit\u00e9 Qu\u00e9b\u00e9coise<\/strong><\/p>\n\n\n\n<h2 class=\"wp-block-heading has-text-align-center is-style-text-subtitle is-style-text-subtitle--1\">(ESDQ)<\/h2>\n<\/div>\n\n\n\n<div class=\"wp-block-group alignfull is-layout-flow wp-container-core-group-is-layout-f9cb6abc wp-block-group-is-layout-flow\" style=\"border-top-left-radius:0px;border-top-right-radius:0px;border-bottom-left-radius:0px;border-bottom-right-radius:0px;margin-top:0;margin-bottom:0\">\n<div class=\"wp-block-columns alignfull is-not-stacked-on-mobile is-layout-flex wp-container-core-columns-is-layout-e154fb6a wp-block-columns-is-layout-flex\" style=\"margin-top:0;margin-bottom:0;padding-top:var(--wp--preset--spacing--40);padding-right:var(--wp--preset--spacing--40);padding-bottom:var(--wp--preset--spacing--80);padding-left:var(--wp--preset--spacing--40)\">\n<div class=\"wp-block-column is-layout-flow wp-block-column-is-layout-flow\" style=\"flex-basis:12vw\"><\/div>\n\n\n\n<div class=\"wp-block-column is-layout-flow wp-block-column-is-layout-flow\"><\/div>\n<\/div>\n\n\n\n<div class=\"wp-block-columns alignfull is-style-section-2 is-layout-flex wp-container-core-columns-is-layout-d9884270 wp-block-columns-is-layout-flex is-style-section-2--2\" style=\"padding-top:0;padding-bottom:0\">\n<div class=\"wp-block-column is-layout-flow wp-block-column-is-layout-flow\" style=\"flex-basis:50%\">\n<div class=\"wp-block-group has-background is-vertical is-content-justification-stretch is-layout-flex wp-container-core-group-is-layout-098fff0a wp-block-group-is-layout-flex\" style=\"border-top-left-radius:0px;border-top-right-radius:0px;border-bottom-left-radius:0px;border-bottom-right-radius:0px;background-color:#2e2d6f;min-height:33vh;padding-top:var(--wp--preset--spacing--50);padding-right:var(--wp--preset--spacing--50);padding-bottom:var(--wp--preset--spacing--50);padding-left:var(--wp--preset--spacing--50)\">\n<p class=\"has-contrast-color has-text-color has-link-color wp-elements-ade1f565b64d5f9ea18b004c3d46e58f\">Vous \u00eates un artiste ? Vous r\u00e9sidez au Qu\u00e9bec ? <\/p>\n\n\n\n<p class=\"has-contrast-color has-text-color has-link-color wp-elements-b3db5ab46d6f05db44714fda778c4d78\">D\u00e9couvrez l\u2019ESDQ !<\/p>\n\n\n\n<p class=\"has-contrast-color has-text-color has-link-color wp-elements-edf59199db48ae10494739f936c46171\">Un road-trip musical innovant et engag\u00e9 qui accueille toutes les esth\u00e9tiques pour promouvoir l\u2019incroyable richesse du patrimoine qu\u00e9b\u00e9cois ! <\/p>\n\n\n\n<div style=\"height:0px\" aria-hidden=\"true\" class=\"wp-block-spacer wp-container-content-6388d5dc\"><\/div>\n\n\n\n<h2 class=\"wp-block-heading has-contrast-color has-text-color has-link-color has-xx-large-font-size wp-elements-923ffe5a3f61f362526f224f5a4f60ba\"><a href=\"https:\/\/www.helloasso.com\/associations\/ethnokartoon-records\/adhesions\/devenir-membre\" data-type=\"link\" data-id=\"https:\/\/ethnokartoonrecords.com\/index.php\/boutique\/\">Soutenir<\/a><\/h2>\n<\/div>\n<\/div>\n\n\n\n<div class=\"wp-block-column has-background is-layout-flow wp-block-column-is-layout-flow\" style=\"background-color:#2e2d6f;flex-basis:50%\">\n<div class=\"wp-block-cover is-light\"><img loading=\"lazy\" decoding=\"async\" width=\"1014\" height=\"1024\" class=\"wp-block-cover__image-background wp-image-473 size-large\" alt=\"\" src=\"https:\/\/ethnokartoonrecords.com\/wp-content\/uploads\/2026\/02\/image0-3-1014x1024.jpeg\" data-object-fit=\"cover\" srcset=\"https:\/\/ethnokartoonrecords.com\/wp-content\/uploads\/2026\/02\/image0-3-1014x1024.jpeg 1014w, https:\/\/ethnokartoonrecords.com\/wp-content\/uploads\/2026\/02\/image0-3-297x300.jpeg 297w, https:\/\/ethnokartoonrecords.com\/wp-content\/uploads\/2026\/02\/image0-3-150x150.jpeg 150w, https:\/\/ethnokartoonrecords.com\/wp-content\/uploads\/2026\/02\/image0-3-768x776.jpeg 768w, https:\/\/ethnokartoonrecords.com\/wp-content\/uploads\/2026\/02\/image0-3-1521x1536.jpeg 1521w, https:\/\/ethnokartoonrecords.com\/wp-content\/uploads\/2026\/02\/image0-3-2028x2048.jpeg 2028w\" sizes=\"auto, (max-width: 1014px) 100vw, 1014px\" \/><span aria-hidden=\"true\" class=\"wp-block-cover__background has-background-dim-0 has-background-dim\" style=\"background-color:#e1d4be\"><\/span><div class=\"wp-block-cover__inner-container is-layout-flow wp-block-cover-is-layout-flow\">\n<div style=\"height:var(--wp--preset--spacing--20)\" aria-hidden=\"true\" class=\"wp-block-spacer\"><\/div>\n<\/div><\/div>\n<\/div>\n<\/div>\n<\/div>\n\n\n\n<p><\/p>\n\n\n\n<div class=\"wp-block-group has-background has-global-padding is-layout-constrained wp-container-core-group-is-layout-ff778368 wp-block-group-is-layout-constrained\" style=\"border-top-left-radius:100px;border-top-right-radius:100px;border-bottom-left-radius:100px;border-bottom-right-radius:100px;background-color:#542819;padding-right:var(--wp--preset--spacing--30);padding-left:var(--wp--preset--spacing--30)\">\n<p class=\"has-text-align-center\"><strong>Bonjour \u00e0 vous !<\/strong><\/p>\n\n\n\n<p class=\"has-text-align-center\">Nous travaillons en ce moment m\u00eame sur un road trip musical de fin avril \u00e0 d\u00e9but mai 2026 au Qu\u00e9bec : l&rsquo;Exp\u00e9dition pour une Symphonie de la Diversit\u00e9 Qu\u00e9b\u00e9coise (ESDQ). Le concept est simple : nous enregistrons avec les artistes une vid\u00e9o ou un audio, chacun ayant son style et esth\u00e9tique propre (traditionnelle autochtone, traditionnelle folklorique, jazz, classique, exp\u00e9rimentale, traditionnelle d&rsquo;une autre r\u00e9gion du monde&#8230;) En plus de ces s\u00e9quences musicales nous enregistrerons de multiples bruits et sons en tous genres que nous croiserons lors du voyage (cris et chants d&rsquo;animaux, vent dans la for\u00eat, chant d&rsquo;une rivi\u00e8re, d\u00e9marrage d&rsquo;un camping car, sir\u00e8nes dans la rue etc). L&rsquo;exp\u00e9dition se d\u00e9roulera en un premier temps o\u00f9 nous seront bas\u00e9s \u00e0 Montr\u00e9al pour une grosse semaine puis une deuxi\u00e8me partie o\u00f9 nous nous d\u00e9placerons de ville en ville durant une semaine \u00e9galement. Enfin, nous seront de retour \u00e0 Montr\u00e9al pour jouer la composition Oiseauphonie lors d&rsquo;un concert organis\u00e9 par l&rsquo;association Code d&rsquo;Acc\u00e8s (<a href=\"https:\/\/codesdacces.org\/en\/event\/traces\/\">voir le lien ici<\/a>). Une fois le voyage men\u00e9 \u00e0 son terme, nous recouperons tous les enregistrements pour cr\u00e9er une \u0153uvre musicale innovante, riche et engag\u00e9e. Engag\u00e9e car au-del\u00e0 de la simple dimension artistique, l&rsquo;ESDQ porte en elle un projet social. Dans un contexte international o\u00f9 le fascisme conna\u00eet un essor alarmant, il devient primordial de soutenir, encourager et promouvoir les identit\u00e9s musicales notamment ethniques et \u00e0 travers elles, les communaut\u00e9s victimes d&rsquo;ins\u00e9curit\u00e9 culturelle et qui pourtant sont l&rsquo;essence m\u00eame de la richesse du patrimoine artistique mondial. Voil\u00e0 la port\u00e9e de la Symphonie de la Diversit\u00e9 Qu\u00e9b\u00e9coise.<\/p>\n\n\n\n<details class=\"wp-block-details is-layout-flow wp-block-details-is-layout-flow\"><summary>Modalit\u00e9s<\/summary>\n<ul class=\"wp-block-list\">\n<li>La rencontre avec les artistes prend la forme d\u2019un temps d\u2019\u00e9change et d\u2019improvisation musical, convival et non r\u00e9mun\u00e9r\u00e9.<\/li>\n\n\n\n<li>Les captations sont transmises aux artistes, les droits d\u2019exploitation reviennent \u00e0 Ethnokartoon Records et aux participants.<\/li>\n\n\n\n<li>Chaque participant b\u00e9n\u00e9ficiera d\u2019une page de promotion dans l\u2019espace \u201dartistes\u201d de ce site<\/li>\n\n\n\n<li>Si vous \u00eates int\u00e9ress\u00e9 : contactez nous d\u00e8s maintenant aux adresses suivantes : president@ethnokartoonrecords.com secretaire@ethnokartoonrecords.com<\/li>\n<\/ul>\n<\/details>\n\n\n\n<p><\/p>\n\n\n\n<p class=\"has-text-align-center\">Nous publierons les nouveaut\u00e9s de l\u2019exp\u00e9dititon sur ce site et sur nos plateformes sociales !<\/p>\n<\/div>\n\n\n\n<p><\/p>\n\n\n\n<div class=\"wp-block-group has-background has-global-padding is-layout-constrained wp-block-group-is-layout-constrained\" style=\"border-top-left-radius:100px;border-top-right-radius:100px;border-bottom-left-radius:100px;border-bottom-right-radius:100px;background-color:#600e0e\">\n<h2 class=\"wp-block-heading has-text-align-center\"><strong>NOUS SOUTENIR ?<\/strong><\/h2>\n\n\n\n<p class=\"has-text-align-center is-style-text-subtitle is-style-text-subtitle--3\"><strong>RESTEZ INFORM\u00c9 !<\/strong><\/p>\n\n\n\n<p class=\"has-text-align-center\">Vous abonner : un geste gratuit qui nous aide grandement car vous participez \u00e0 nous donner de la cr\u00e9dibilit\u00e9 sur les r\u00e9seaux et \u00e0 agrandir notre communaut\u00e9.<\/p>\n\n\n\n<figure class=\"wp-block-image aligncenter size-full is-resized is-style-rounded\"><a href=\"https:\/\/www.tiktok.com\/@ethnokartoon_reco\"><img loading=\"lazy\" decoding=\"async\" width=\"896\" height=\"897\" src=\"https:\/\/ethnokartoonrecords.com\/wp-content\/uploads\/2026\/02\/Screenshot_20260212_204810_Ecosia-2.jpg\" alt=\"\" class=\"wp-image-485\" style=\"aspect-ratio:0.998919438107816;width:61px;height:auto\" srcset=\"https:\/\/ethnokartoonrecords.com\/wp-content\/uploads\/2026\/02\/Screenshot_20260212_204810_Ecosia-2.jpg 896w, https:\/\/ethnokartoonrecords.com\/wp-content\/uploads\/2026\/02\/Screenshot_20260212_204810_Ecosia-2-300x300.jpg 300w, https:\/\/ethnokartoonrecords.com\/wp-content\/uploads\/2026\/02\/Screenshot_20260212_204810_Ecosia-2-150x150.jpg 150w, https:\/\/ethnokartoonrecords.com\/wp-content\/uploads\/2026\/02\/Screenshot_20260212_204810_Ecosia-2-768x769.jpg 768w\" sizes=\"auto, (max-width: 896px) 100vw, 896px\" \/><\/a><\/figure>\n\n\n\n<figure class=\"wp-block-image aligncenter size-full is-resized is-style-rounded wp-duotone-unset-4\"><a href=\"https:\/\/m.youtube.com\/@ethnokartoonrecords?feature=shared\"><img loading=\"lazy\" decoding=\"async\" width=\"697\" height=\"485\" src=\"https:\/\/ethnokartoonrecords.com\/wp-content\/uploads\/2026\/02\/Screenshot_20260212_204739_Ecosia.jpg\" alt=\"\" class=\"wp-image-486\" style=\"aspect-ratio:1.437125748502994;width:61px;height:auto\" srcset=\"https:\/\/ethnokartoonrecords.com\/wp-content\/uploads\/2026\/02\/Screenshot_20260212_204739_Ecosia.jpg 697w, https:\/\/ethnokartoonrecords.com\/wp-content\/uploads\/2026\/02\/Screenshot_20260212_204739_Ecosia-300x209.jpg 300w\" sizes=\"auto, (max-width: 697px) 100vw, 697px\" \/><\/a><\/figure>\n\n\n\n<figure class=\"wp-block-image aligncenter size-full is-resized is-style-rounded\"><a href=\"https:\/\/www.instagram.com\/ethnokartoon_records?igsh=NnR6MDNnNm02d3J2\"><img loading=\"lazy\" decoding=\"async\" width=\"534\" height=\"533\" src=\"https:\/\/ethnokartoonrecords.com\/wp-content\/uploads\/2026\/02\/Screenshot_20260212_204902_Ecosia.jpg\" alt=\"\" class=\"wp-image-487\" style=\"aspect-ratio:1.001926782273603;width:59px;height:auto\" srcset=\"https:\/\/ethnokartoonrecords.com\/wp-content\/uploads\/2026\/02\/Screenshot_20260212_204902_Ecosia.jpg 534w, https:\/\/ethnokartoonrecords.com\/wp-content\/uploads\/2026\/02\/Screenshot_20260212_204902_Ecosia-300x300.jpg 300w, https:\/\/ethnokartoonrecords.com\/wp-content\/uploads\/2026\/02\/Screenshot_20260212_204902_Ecosia-150x150.jpg 150w\" sizes=\"auto, (max-width: 534px) 100vw, 534px\" \/><\/a><\/figure>\n\n\n\n<p class=\"has-text-align-center\">Et pour celles et ceux d&rsquo;entre vous qui souhaitent nous donner les moyens mat\u00e9riels de r\u00e9aliser cette exp\u00e9dition : vous pouvez devenir membre de notre association !<\/p>\n\n\n\n<figure class=\"wp-block-image aligncenter size-full is-resized is-style-rounded\"><a href=\"https:\/\/www.helloasso.com\/associations\/ethnokartoon-records\/adhesions\/devenir-membre\"><img loading=\"lazy\" decoding=\"async\" width=\"709\" height=\"320\" src=\"https:\/\/ethnokartoonrecords.com\/wp-content\/uploads\/2025\/09\/Screenshot_20250918_131925_Ecosia.jpg\" alt=\"\" class=\"wp-image-408\" style=\"aspect-ratio:2.2157123834886816;width:136px;height:auto\" srcset=\"https:\/\/ethnokartoonrecords.com\/wp-content\/uploads\/2025\/09\/Screenshot_20250918_131925_Ecosia.jpg 709w, https:\/\/ethnokartoonrecords.com\/wp-content\/uploads\/2025\/09\/Screenshot_20250918_131925_Ecosia-300x135.jpg 300w\" sizes=\"auto, (max-width: 709px) 100vw, 709px\" \/><\/a><\/figure>\n\n\n\n<p class=\"has-text-align-center\">Ou bien participer directement \u00e0 notre campagne de financement EDSQ en devenant donateur<\/p>\n\n\n\n<iframe id=\"haWidgetButton\" allowtransparency=\"true\" src=\"https:\/\/www.helloasso.com\/associations\/ethnokartoon-records\/collectes\/financement-de-l-expedition-quebec-esdq\/widget-bouton\" style=\"width: 100%; height: 70px; border: none;\"><\/iframe>\n\n\n\n<p class=\"has-text-align-center\">Ce road trip est le projet lancement de notre label et repr\u00e9sente pour nous un investissement de 5500\u20ac : c&rsquo;est pourquoi nous en appelons \u00e0 votre g\u00e9n\u00e9rosit\u00e9 !<\/p>\n\n\n\n<p class=\"has-text-align-center\">Nous vous en sommes profond\u00e9ment reconnaissant !<\/p>\n\n\n\n<p class=\"has-text-align-center\">Ethniquement v\u00f4tre,<\/p>\n\n\n\n<p class=\"has-text-align-center\">L&rsquo;\u00e9quipe d&rsquo;Ethnokartoon Records<\/p>\n\n\n\n<figure class=\"wp-block-image aligncenter size-large is-resized is-style-rounded\"><img loading=\"lazy\" decoding=\"async\" width=\"1024\" height=\"1024\" src=\"https:\/\/ethnokartoonrecords.com\/wp-content\/uploads\/2026\/02\/logo-ekr-sans-coins-1024x1024.png\" alt=\"\" class=\"wp-image-650\" style=\"aspect-ratio:1.0029735594310054;width:132px;height:auto\" srcset=\"https:\/\/ethnokartoonrecords.com\/wp-content\/uploads\/2026\/02\/logo-ekr-sans-coins-1024x1024.png 1024w, https:\/\/ethnokartoonrecords.com\/wp-content\/uploads\/2026\/02\/logo-ekr-sans-coins-300x300.png 300w, https:\/\/ethnokartoonrecords.com\/wp-content\/uploads\/2026\/02\/logo-ekr-sans-coins-150x150.png 150w, https:\/\/ethnokartoonrecords.com\/wp-content\/uploads\/2026\/02\/logo-ekr-sans-coins-768x768.png 768w, https:\/\/ethnokartoonrecords.com\/wp-content\/uploads\/2026\/02\/logo-ekr-sans-coins-1536x1536.png 1536w, https:\/\/ethnokartoonrecords.com\/wp-content\/uploads\/2026\/02\/logo-ekr-sans-coins-1320x1320.png 1320w, https:\/\/ethnokartoonrecords.com\/wp-content\/uploads\/2026\/02\/logo-ekr-sans-coins.png 2000w\" sizes=\"auto, (max-width: 1024px) 100vw, 1024px\" \/><\/figure>\n<\/div>\n\n\n\n<p><\/p>\n","protected":false},"excerpt":{"rendered":"<p>Exp\u00e9dition pour une Symphonie de la Diversit\u00e9 Qu\u00e9b\u00e9coise (ESDQ) Vous \u00eates un artiste ? Vous r\u00e9sidez au Qu\u00e9bec ? D\u00e9couvrez l\u2019ESDQ ! Un road-trip musical innovant et engag\u00e9 qui accueille toutes les esth\u00e9tiques pour promouvoir l\u2019incroyable richesse du patrimoine qu\u00e9b\u00e9cois ! Soutenir Bonjour \u00e0 vous ! Nous travaillons en ce moment m\u00eame sur un road [&hellip;]<\/p>\n","protected":false},"author":1,"featured_media":0,"parent":0,"menu_order":0,"comment_status":"closed","ping_status":"closed","template":"","meta":{"footnotes":""},"class_list":["post-472","page","type-page","status-publish","hentry"],"_links":{"self":[{"href":"https:\/\/ethnokartoonrecords.com\/index.php\/wp-json\/wp\/v2\/pages\/472","targetHints":{"allow":["GET"]}}],"collection":[{"href":"https:\/\/ethnokartoonrecords.com\/index.php\/wp-json\/wp\/v2\/pages"}],"about":[{"href":"https:\/\/ethnokartoonrecords.com\/index.php\/wp-json\/wp\/v2\/types\/page"}],"author":[{"embeddable":true,"href":"https:\/\/ethnokartoonrecords.com\/index.php\/wp-json\/wp\/v2\/users\/1"}],"replies":[{"embeddable":true,"href":"https:\/\/ethnokartoonrecords.com\/index.php\/wp-json\/wp\/v2\/comments?post=472"}],"version-history":[{"count":32,"href":"https:\/\/ethnokartoonrecords.com\/index.php\/wp-json\/wp\/v2\/pages\/472\/revisions"}],"predecessor-version":[{"id":656,"href":"https:\/\/ethnokartoonrecords.com\/index.php\/wp-json\/wp\/v2\/pages\/472\/revisions\/656"}],"wp:attachment":[{"href":"https:\/\/ethnokartoonrecords.com\/index.php\/wp-json\/wp\/v2\/media?parent=472"}],"curies":[{"name":"wp","href":"https:\/\/api.w.org\/{rel}","templated":true}]}}